).
-15
Let n(q) = -q**2 - 4*q - 2. Let f be n(-3). Let j(k) = 6*k**2 - 1. Give j(f).
5
Let c(z) = z**3 - 12*z**2 - 13*z + 2. Let x be c(13). Let y(m) = 5*m - 4*m - 1 - 2*m. What is y(x)?
-3
Let a(q) be the first derivative of q**3/3 - 5*q**2/2 + 3*q - 1. Suppose 0*t + 4*t - 24 = 0. Suppose -3*b = -b - t. What is a(b)?
-3
Suppose 0 = -3*h + b + 2*b + 27, -3*h - b + 11 = 0. Let l(g) = h - g + 2*g - 2*g. What is l(5)?
0
Let l(t) = 1 + 2 - 4 - 4*t + 2. Determine l(1).
-3
Let o(n) = -n**2 - 7*n - 4. Suppose -4*m + 21 + 3 = 0. Let c = 49 + -25. Suppose c = 2*h - m*h. Give o(h).
2
Let i(n) = -4*n - 2. Let o(t) = -t**2 + t + 2. Let s be o(0). Suppose 0*x + s = -x. Give i(x).
6
Let l(u) = 3*u**2 - 1. Let i be l(-1). Let d(f) = 2*f - 4 + 6*f**2 - 4*f**3 - i*f**3 + 5*f**3 - 7*f. Give d(5).
-4
Let m(a) = 2*a + 4. Suppose -2*o + 6 = -0*o. Let r be ((-1)/3)/(o/45). Determine m(r).
-6
Let u(r) = 4*r - 1. Let i(k) = k**3 + 5*k**2 - 5*k - 3. Let h be i(-6). Let n = h - -11. Determine u(n).
7
Let g(d) = d - 3. Suppose -5*l + 35 = -8*s + 3*s, 4*l + 8 = -5*s. Give g(l).
0
Let l(y) = -y**3 - 8*y**2 - 7*y + 1. Suppose g + 35 = -4*g. What is l(g)?
1
Suppose 9*v + 36 = 3*v. Let l = 6 + -1. Let h(i) = 3*i + i**2 + 0*i + 4*i + l. Calculate h(v).
-1
Suppose -2 = -3*x - 4*a, -a + 8 = 2*x - 0*x. Suppose -24 = x*n - 2*n. Let r(i) = i - 3. What is r(n)?
-9
Let j(r) = r - 3. Let k be j(6). Let p be 2/(-1 + 0 + k). Let v(d) be the second derivative of -d**3 - 2*d. What is v(p)?
-6
Let p(d) be the third derivative of -d**6/120 - d**5/30 + d**4/6 + d**3/3 + 3*d**2. Give p(-3).
-1
Let x(k) be the third derivative of k**5/60 - k**4/6 - k**3/6 + 4*k**2. Determine x(5).
4
Let s = 76/7 - 905/84. Let n(t) be the third derivative of -2/3*t**3 + s*t**4 + 0*t - 3*t**2 + 0. Determine n(5).
6
Let o(y) = y**2 + 3*y + 1. Let h(u) be the third derivative of -u**6/120 - u**4/24 - u**3/3 + 2*u**2. Let s be h(0). Determine o(s).
-1
Suppose 0*x = -h + x, 3*h = -2*x + 25. Let c(s) = s**3 - 4 + 0*s**2 - 2 - 3*s - 4*s**2. Calculate c(h).
4
Let u(n) = -n**2 + 7*n - 5. Suppose -2*a = -6*l + 2*l + 14, 5*l - 2*a = 20. Calculate u(l).
1
Let k be ((-2)/(-3))/((-8)/(-12)). Suppose -2*o = 2*o - 8. Let j(n) = -2*n + 9*n - o*n. Give j(k).
5
Let n(w) = 2*w**3 - 2*w**2 - w + 2. Let s(t) = -t + 1. Let c be s(1). Let r be 1 + (23 - 2 - 1). Suppose c*g - 1 = -3*k - g, 5*g + r = -2*k. What is n(k)?
8
Let b(u) = -3*u + 2. Suppose -5*v = -k + 50, -v - 3*k - 10 = -0*v. Let i be 1/(v/(-3) + -3). Calculate b(i).
-7
Suppose 0*i + 5 = 5*i. Let w(s) = -3*s**2 + 3*s + 4. Let a(b) = 5*b**2 - 4*b - 5. Let h(t) = 3*a(t) + 4*w(t). Calculate h(i).
4
Let a(j) be the second derivative of 0 + 0*j**4 + 0*j**2 - 7*j - 1/6*j**3 - 1/20*j**5. Determine a(-1).
2
Suppose 2*n - 3*w = -12, 3*n + 6 = 4*w - 11. Let u(r) = -r**3 - r**2 + r - 4. Determine u(n).
11
Let t(b) = -b**2 + b + 3. Suppose 3*i + 24 = -3*v, -i + 7 = -2*v - 0. Determine t(v).
-27
Let s(x) = -x**3 - 6*x**2 - 2*x - 5. Let i(t) = -t - 17. Let v be i(-11). Calculate s(v).
7
Suppose 2*r + 12 = 5*h - 0, -5*h + r + 16 = 0. Suppose w = -g + h*g - 14, 26 = 2*g - 4*w. Let x(l) = l**2 + l - 3. Give x(g).
9
Let o(y) = -3 + 0*y + 5*y - 2*y. Suppose 5*i + 8 - 23 = 0. Suppose 3*p = -5*v + 31, v + i = -p + 2*v. Give o(p).
3
Let q(a) = 1 - a**3 - 6*a + a**2 + 0*a**3 + 9*a - 2. Suppose 2*j - j = 2. Give q(j).
1
Let v(r) = -4*r**3 - 3*r**2 + 5*r + 3. Let s(d) = 9*d**3 + 7*d**2 - 11*d - 6. Let f(a) = -3*s(a) - 7*v(a). Calculate f(-2).
-7
Let x(l) = -l - 5. Let w(g) = -5*g**3 + 2*g**2 - 2*g + 1. Let v be ((-4)/8)/((-2)/4). Let y be w(v). Give x(y).
-1
Let t(r) = r**2 - 7*r - 1. Let u be t(5). Let d = u + 14. Let z(y) = 2 + 2*y**2 - y**2 - 3. Determine z(d).
8
Let i(h) be the third derivative of 0 + 1/120*h**6 + h**2 + 0*h + 1/24*h**4 - 1/60*h**5 + 3/2*h**3. Suppose 12 = -2*d - 4*z, 5*z + 8 = -7. Give i(d).
9
Let a(h) = 2*h - 6. Let g be a(4). Let q(d) = d**2 + d + 0 - 2 + g. Determine q(0).
0
Let a(q) = -7*q**3 - 13*q**2 + 8*q - 1. Let g(x) = -10*x**3 - 19*x**2 + 12*x - 2. Let c(h) = -7*a(h) + 5*g(h). Let u = 3 + -8. Determine c(u).
2
Suppose g - 1 = -5*n + 1, 0 = -5*g - 3*n - 12. Let z(a) be the first derivative of -a**4/4 - 2*a**3/3 + 2*a**2 - 32. Calculate z(g).
-3
Let q(m) = m**2 - 5*m + 3. Suppose -4*l = 2 - 14. Give q(l).
-3
Let h = -15 + 18. Let y(b) = -b**3 + 5*b**2 - 4*b - 1. What is y(h)?
5
Let c(q) = q - 3 - 3 + 0*q + 1. Determine c(7).
2
Let w(l) be the first derivative of l + 4. Let g(u) = -u. Let j(k) = g(k) + 4*w(k). Calculate j(5).
-1
Let g(z) = 10*z. Let n be g(1). Let q be ((-6)/n)/(3/15). Let l(f) = f**3 + 3*f**2 + 2*f + 2. Determine l(q).
-4
Suppose -12*d = -2*d - 40. Let m(b) = b. Give m(d).
4
Let m(k) = 6*k - k - 2 - 2*k - k. Calculate m(2).
2
Suppose -q = 2*q, 5*q - 1 = k. Let n(x) = -13*x + 1. Determine n(k).
14
Let j(t) be the second derivative of t**5/20 + 5*t**4/12 + t**3/6 + 2*t**2 + 9*t. What is j(-5)?
-1
Let m(b) = b**2 + 6*b - 11. Let n be m(-7). Let i(o) = o**2 + o - 5. What is i(n)?
7
Let b(z) be the third derivative of 0 + 4*z**2 + 1/6*z**5 + 0*z**3 - 1/24*z**4 + 0*z. Give b(1).
9
Let h(i) = -6*i**3 - 3*i**2 + 3*i**2. Let a(k) = k**3 - 10*k - 2. Let x be a(-3). Give h(x).
-6
Let r be (2 - 3)*(1 - -1)/1. Let t(u) = 3 + 2 + 6*u - 4. What is t(r)?
-11
Suppose 2*g = 4*h + 6, h - 4*g + 6 = g. Let k(a) = -1 - 2*a + 2*a**2 + a**2 - a**2. What is k(h)?
3
Suppose 5*r = 10 + 10. Suppose 2*x + v - 10 = -r*v, -2*v + 4 = 2*x. Let q(l) = 3*l - 2*l + l**2 + 5 - 104*l**3 + 103*l**3. Calculate q(x).
5
Let m(o) = o**3 + 4*o**2 + 3*o + 5. Let r be m(-4). Let w(s) = 33 + s**2 + 7*s - 17 - 18. Determine w(r).
-2
Let d(s) = s**2 + 7*s - 1. Let f = 121 + -127. Give d(f).
-7
Let z(p) = 4*p + 2. Let q(m) = m. Let f(i) = -5*q(i) + z(i). Suppose -16 = -3*a - a. Determine f(a).
-2
Let s(g) = -g**3 - 5*g**2 + 4*g + 6. Let i(b) = -3*b**3 - 15*b**2 + 11*b + 18. Let o(k) = 4*i(k) - 11*s(k). Determine o(-5).
6
Let k(s) be the second derivative of -s**5/20 - s**4/12 + s**3/6 + s**2/2 + 10*s. What is k(-2)?
3
Let z(s) = -2*s**2 - 9*s**2 + 3*s**2. Suppose 3*b + 2 = -1. What is z(b)?
-8
Let r be (-4)/26 + (-306)/39. Let n(w) be the second derivative of w**3/6 + 9*w**2/2 + w. Let v be n(r). Let i(b) = -4*b**3 + b. Calculate i(v).
-3
Let i(x) be the third derivative of -x**4/24 + x**3/6 + 17*x**2. Let b(a) = 5*a**3 + 2*a**2 - 1. Let g be b(1). What is i(g)?
-5
Let g(b) = -b**2 + 7*b**2 + 7 - b**3 - 5*b + 0*b**2. Suppose -3*p + 5 = -10. Calculate g(p).
7
Suppose 0*i - i = b, -5*b - i = 0. Let w(m) = -m**2 - m + 2. Determine w(b).
2
Let i be (-34)/(-6) + 2/(-3). Suppose -i*n + 42 - 12 = 0. Let r(v) = 1 - 4 + 10 - v. Give r(n).
1
Let j be 2/3 + 26/(-3). Let z(s) = -2*s - 8. What is z(j)?
8
Suppose 8 = -4*a, 13 = g - a - 3*a. Suppose 0*b - 12 = -b + 3*d, 4*d = -g*b - 16. Suppose b = x - 1 - 4. Let y(h) = h - 3. Determine y(x).
2
Let i be 27/9*1/(-3). Let d(o) = 9*o**3 + o**2. Calculate d(i).
-8
Let k be (-2)/4*(1 + 9). Let g(r) be the second derivative of r**5/60 + 5*r**4/24 + r**3 - r**2 + 2*r. Let w(s) be the first derivative of g(s). What is w(k)?
6
Let y(w) = w - 7. Let h = -4 - -12. Suppose -h = -2*i - 2. Give y(i).
-4
Let t(k) = -4*k**3 + k**2 - k + 1. Let d(v) = 5*v**2 - 2*v + 1. Let g be d(1). Let r = -3 + g. Determine t(r).
-3
Let z be (-8 - -6) + (1 - -2). Let g(x) = x**3 + 4*x**2 + 1 - z - 3*x**2 + 4. What is g(0)?
4
Let d(n) = n**3 - 4*n**2 - 2*n + 5. Let c = -13 + 4. Let w be (c/(-12))/(1/8). Suppose -w*v + 8 = -4*v. Give d(v).
-3
Suppose -5*t - 1 = 4*i + 10, 3*t + i = -8. Let d be 2/t + 8/3. Let z(g) = g**2 - 5*g**2 + d*g**2 - 1. What is z(2)?
-9
Suppose 5*w + 33 = -2*b, 2*b = 4*w - 2*w + 2. Let a(y) = 7*y**2 - y - 2. Let z(r) = -10*r**2 + r + 3. Let q(x) = -7*a(x) - 5*z(x). Determine q(w).
14
Let x(v) = -v - 2 + 6*v - 4*v. Let w be x(4). Let k(p) = p + 2*p - 2*p + 2. Give k(w).
4
Let g(d) = 3*d - d**3 + 2 + 2*d**2 + 2*d**2 + d. Suppose 47 = 2*y + 3*p, 4*y - 54 = 4*p - 2*p. Suppose 2*h + 6 - y = 0. Calculate g(h).
-3
Let i(y) = y + 10. Suppose -12 = 4*z - 11*l + 7*l, 0 = -3*z - 5*l - 25. Determine i(z).
5
Suppose -7 = g + i - 4*i, 3*g + 3*i + 9 = 0. Let v be g*(-1 + -1 + 1). Let k(x) = -5*x + v - 2*x + 4*x. Calculate k(3).
-5
Let v(r) = 2*r**3 - 4*r - 5. Let p(w) = 3*w**3 + w**2 - 